{"id":138,"date":"2024-07-03T18:34:11","date_gmt":"2024-07-03T16:34:11","guid":{"rendered":"https:\/\/max-clean-evolution.fr\/?page_id=138"},"modified":"2024-10-13T15:49:23","modified_gmt":"2024-10-13T13:49:23","slug":"gestion-de-dechets","status":"publish","type":"page","link":"https:\/\/max-clean-evolution.fr\/index.php\/services\/gestion-de-dechets\/","title":{"rendered":"Gestion de d\u00e9chets"},"content":{"rendered":"\t\t<div data-elementor-type=\"wp-page\" data-elementor-id=\"138\" class=\"elementor elementor-138\" data-elementor-post-type=\"page\">\n\t\t\t\t<div class=\"elementor-element elementor-element-53e34805 e-flex e-con-boxed e-con e-parent\" data-id=\"53e34805\" data-element_type=\"container\">\n\t\t\t\t\t<div class=\"e-con-inner\">\n\t\t<div class=\"elementor-element elementor-element-939a747 e-con-full e-flex e-con e-child\" data-id=\"939a747\" data-element_type=\"container\" data-settings=\"{&quot;background_background&quot;:&quot;gradient&quot;}\">\n\t\t<div class=\"elementor-element elementor-element-94f8752 e-con-full e-flex e-con e-child\" data-id=\"94f8752\" data-element_type=\"container\">\n\t\t\t\t<div class=\"elementor-element elementor-element-40d9774c elementor-widget elementor-widget-heading\" data-id=\"40d9774c\" data-element_type=\"widget\" data-widget_type=\"heading.default\">\n\t\t\t\t<div class=\"elementor-widget-container\">\n\t\t\t<style>\/*! elementor - v3.22.0 - 26-06-2024 *\/\n.elementor-heading-title{padding:0;margin:0;line-height:1}.elementor-widget-heading .elementor-heading-title[class*=elementor-size-]>a{color:inherit;font-size:inherit;line-height:inherit}.elementor-widget-heading .elementor-heading-title.elementor-size-small{font-size:15px}.elementor-widget-heading .elementor-heading-title.elementor-size-medium{font-size:19px}.elementor-widget-heading .elementor-heading-title.elementor-size-large{font-size:29px}.elementor-widget-heading .elementor-heading-title.elementor-size-xl{font-size:39px}.elementor-widget-heading .elementor-heading-title.elementor-size-xxl{font-size:59px}<\/style><h1 class=\"elementor-heading-title elementor-size-default\">Gestion de d\u00e9chets<\/h1>\t\t<\/div>\n\t\t\t\t<\/div>\n\t\t\t\t<div class=\"elementor-element elementor-element-dc3f571 elementor-invisible elementor-widget elementor-widget-text-editor\" data-id=\"dc3f571\" data-element_type=\"widget\" data-settings=\"{&quot;_animation&quot;:&quot;fadeInUp&quot;}\" data-widget_type=\"text-editor.default\">\n\t\t\t\t<div class=\"elementor-widget-container\">\n\t\t\t<style>\/*! elementor - v3.22.0 - 26-06-2024 *\/\n.elementor-widget-text-editor.elementor-drop-cap-view-stacked .elementor-drop-cap{background-color:#69727d;color:#fff}.elementor-widget-text-editor.elementor-drop-cap-view-framed .elementor-drop-cap{color:#69727d;border:3px solid;background-color:transparent}.elementor-widget-text-editor:not(.elementor-drop-cap-view-default) .elementor-drop-cap{margin-top:8px}.elementor-widget-text-editor:not(.elementor-drop-cap-view-default) .elementor-drop-cap-letter{width:1em;height:1em}.elementor-widget-text-editor .elementor-drop-cap{float:left;text-align:center;line-height:1;font-size:50px}.elementor-widget-text-editor .elementor-drop-cap-letter{display:inline-block}<\/style>\t\t\t\t<p>Chez Max Clean Evolution, nous nous engageons \u00e0 offrir des solutions de gestion des d\u00e9chets efficaces, en mettant l&rsquo;accent sur les ordures m\u00e9nag\u00e8res et le tri s\u00e9lectif. En hommage \u00e0 Eug\u00e8ne Poubelle, pionnier du traitement des ordures m\u00e9nag\u00e8res, nous nous effor\u00e7ons d\u2019assurer un environnement propre et sain pour tous.<\/p>\t\t\t\t\t\t<\/div>\n\t\t\t\t<\/div>\n\t\t\t\t<\/div>\n\t\t<div class=\"elementor-element elementor-element-4dc72ea e-con-full e-flex e-con e-child\" data-id=\"4dc72ea\" data-element_type=\"container\">\n\t\t\t\t<div class=\"elementor-element elementor-element-8471bc2 elementor-widget__width-initial elementor-invisible elementor-widget elementor-widget-image\" data-id=\"8471bc2\" data-element_type=\"widget\" data-settings=\"{&quot;_animation&quot;:&quot;fadeInDown&quot;,&quot;_animation_tablet&quot;:&quot;fadeInLeft&quot;}\" data-widget_type=\"image.default\">\n\t\t\t\t<div class=\"elementor-widget-container\">\n\t\t\t<style>\/*! elementor - v3.22.0 - 26-06-2024 *\/\n.elementor-widget-image{text-align:center}.elementor-widget-image a{display:inline-block}.elementor-widget-image a img[src$=\".svg\"]{width:48px}.elementor-widget-image img{vertical-align:middle;display:inline-block}<\/style>\t\t\t\t\t\t\t\t\t\t<img fetchpriority=\"high\" decoding=\"async\" width=\"640\" height=\"960\" src=\"https:\/\/max-clean-evolution.fr\/wp-content\/uploads\/2024\/10\/pexels-sarah-chai-7262933.jpg\" class=\"attachment-large size-large wp-image-509\" alt=\"\" srcset=\"https:\/\/max-clean-evolution.fr\/wp-content\/uploads\/2024\/10\/pexels-sarah-chai-7262933.jpg 640w, https:\/\/max-clean-evolution.fr\/wp-content\/uploads\/2024\/10\/pexels-sarah-chai-7262933-200x300.jpg 200w\" sizes=\"(max-width: 640px) 100vw, 640px\" \/>\t\t\t\t\t\t\t\t\t\t\t\t\t<\/div>\n\t\t\t\t<\/div>\n\t\t\t\t<\/div>\n\t\t\t\t<\/div>\n\t\t<div class=\"elementor-element elementor-element-76604ffd e-con-full e-flex e-con e-child\" data-id=\"76604ffd\" data-element_type=\"container\">\n\t\t\t\t<div class=\"elementor-element elementor-element-8bf1217 elementor-widget elementor-widget-heading\" data-id=\"8bf1217\" data-element_type=\"widget\" data-widget_type=\"heading.default\">\n\t\t\t\t<div class=\"elementor-widget-container\">\n\t\t\t<h2 class=\"elementor-heading-title elementor-size-default\">Nos services incluent :<\/h2>\t\t<\/div>\n\t\t\t\t<\/div>\n\t\t\t\t<div class=\"elementor-element elementor-element-b23d342 elementor-invisible elementor-widget elementor-widget-text-editor\" data-id=\"b23d342\" data-element_type=\"widget\" data-settings=\"{&quot;_animation&quot;:&quot;fadeInUp&quot;}\" data-widget_type=\"text-editor.default\">\n\t\t\t\t<div class=\"elementor-widget-container\">\n\t\t\t\t\t\t\t<ul>\n<li>Collecte et gestion des d\u00e9chets : Nous proposons des solutions sur mesure pour le tri s\u00e9lectif, garantissant un traitement appropri\u00e9 de chaque type de d\u00e9chet.<\/li>\n<li>Respect des horaires de passage du passage<\/li>\n<li>D\u00e9sinfection des locaux poubelles : Nous assurons une d\u00e9sinfection compl\u00e8te des espaces d\u00e9di\u00e9s aux ordures m\u00e9nag\u00e8res, \u00e9liminant ainsi bact\u00e9ries et odeurs d\u00e9sagr\u00e9ables.<\/li>\n<li>Lavage des conteneurs : Tous nos conteneurs d&rsquo;ordures m\u00e9nag\u00e8res sont soigneusement lav\u00e9s et d\u00e9sinfect\u00e9s pour pr\u00e9venir la prolif\u00e9ration des nuisibles.<\/li>\n<li>Am\u00e9nagement avec un syst\u00e8me de d\u00e9sinfection : Nous installons des centrales de nettoyage et de d\u00e9sinfection pour garantir que les locaux restent propres et s\u00fbrs.<\/li>\n<\/ul>\t\t\t\t\t\t<\/div>\n\t\t\t\t<\/div>\n\t\t\t\t<div class=\"elementor-element elementor-element-094a0c1 elementor-invisible elementor-widget elementor-widget-text-editor\" data-id=\"094a0c1\" data-element_type=\"widget\" data-settings=\"{&quot;_animation&quot;:&quot;fadeInUp&quot;}\" data-widget_type=\"text-editor.default\">\n\t\t\t\t<div class=\"elementor-widget-container\">\n\t\t\t\t\t\t\t<p>Nous croyons fermement qu&rsquo;une gestion efficace des d\u00e9chets est essentielle pour un cadre de vie sain. Faites confiance \u00e0 Max Clean Evolution pour un service professionnel et responsable, en l\u2019honneur de l\u2019h\u00e9ritage d\u2019Eug\u00e8ne Poubelle.<\/p>\t\t\t\t\t\t<\/div>\n\t\t\t\t<\/div>\n\t\t\t\t<\/div>\n\t\t\t\t\t<\/div>\n\t\t\t\t<\/div>\n\t\t\t\t<\/div>\n\t\t","protected":false},"excerpt":{"rendered":"<p>Chez Max Clean Evolution, nous nous engageons \u00e0 offrir des solutions de gestion des d\u00e9chets efficaces, en mettant l&rsquo;accent sur les ordures m\u00e9nag\u00e8res et le tri s\u00e9lectif. En hommage \u00e0 Eug\u00e8ne Poubelle, pionnier du traitement des ordures m\u00e9nag\u00e8res, nous nous effor\u00e7ons d\u2019assurer un environnement propre et sain pour tous. Nos services incluent : Collecte et [&hellip;]<\/p>\n","protected":false},"author":1,"featured_media":0,"parent":26,"menu_order":0,"comment_status":"closed","ping_status":"closed","template":"","meta":{"_acf_changed":false,"footnotes":""},"class_list":["post-138","page","type-page","status-publish","hentry"],"acf":[],"_links":{"self":[{"href":"https:\/\/max-clean-evolution.fr\/index.php\/wp-json\/wp\/v2\/pages\/138","targetHints":{"allow":["GET"]}}],"collection":[{"href":"https:\/\/max-clean-evolution.fr\/index.php\/wp-json\/wp\/v2\/pages"}],"about":[{"href":"https:\/\/max-clean-evolution.fr\/index.php\/wp-json\/wp\/v2\/types\/page"}],"author":[{"embeddable":true,"href":"https:\/\/max-clean-evolution.fr\/index.php\/wp-json\/wp\/v2\/users\/1"}],"replies":[{"embeddable":true,"href":"https:\/\/max-clean-evolution.fr\/index.php\/wp-json\/wp\/v2\/comments?post=138"}],"version-history":[{"count":10,"href":"https:\/\/max-clean-evolution.fr\/index.php\/wp-json\/wp\/v2\/pages\/138\/revisions"}],"predecessor-version":[{"id":556,"href":"https:\/\/max-clean-evolution.fr\/index.php\/wp-json\/wp\/v2\/pages\/138\/revisions\/556"}],"up":[{"embeddable":true,"href":"https:\/\/max-clean-evolution.fr\/index.php\/wp-json\/wp\/v2\/pages\/26"}],"wp:attachment":[{"href":"https:\/\/max-clean-evolution.fr\/index.php\/wp-json\/wp\/v2\/media?parent=138"}],"curies":[{"name":"wp","href":"https:\/\/api.w.org\/{rel}","templated":true}]}}